 Let l(y) = -2*y**3 - 9*y**2 - 14*y + 10. Let x be l(-4). Calculate the greatest common factor of x and j.
10
Let x(h) = 19*h - 26. Let l be x(6). Calculate the greatest common divisor of l and 1144.
88
Let z be ((-2)/9)/(-1) - (-1278)/81. What is the highest common divisor of z and 2?
2
Let b(w) = -3*w - 12. Let z be b(6). Let f = -34 - z. Let m be -1*8*(f + -7). What is the highest common factor of 8 and m?
8
Let r(o) = -o**3 + 8*o**2 + 4*o - 17. Let i be r(8). Let c = i + -6. Calculate the highest common divisor of c and 18.
9
Let h(f) = -41*f + 54. Let d be h(5). Let j = 172 + d. Calculate the highest common factor of 7 and j.
7
Let s(v) = 8*v + 29. Let y be s(-6). Let f = y - -27. Suppose -w = -k - 43 - 29, 2*w - 144 = 4*k. Calculate the highest common divisor of f and w.
8
Let x = -165 - -23. Let u = -17 - x. Let c = 32 + 18. Calculate the highest common divisor of c and u.
25
Let o = 359 + -234. Suppose -5*m = 5*n - o, 116 = 6*m - 2*m - 4*n. Calculate the highest common factor of m and 18.
9
Suppose 168 = 18*b + 6. Calculate the greatest common factor of b and 45.
9
Suppose -x + 5*m = 3*m - 189, 567 = 3*x - 5*m. Calculate the greatest common divisor of 42 and x.
21
Let p be 6/(-4)*(-66)/3. Let l = 3272 + -3261. What is the highest common divisor of l and p?
11
Let i be 4*(98 + 4/2). Let s = i - 235. Calculate the greatest common factor of s and 15.
15
Let k(a) = 4*a**2 + 128*a - 84. Let t be k(-33). What is the greatest common divisor of 3 and t?
3
Suppose 2*t - 10 = -5*l, -4*t = -l + 10 - 8. Suppose -28 = -5*r + 3*r. What is the greatest common factor of l and r?
2
Suppose 3*w - 63 - 12 = 0. Suppose 5*a - w - 15 = 0. Let c = 145 + -129. What is the highest common divisor of a and c?
8
Suppose 11*h = 7*h + 5*g + 852, 5*h - 1036 = -g. What is the greatest common factor of h and 40?
8
Suppose 290 = -5*m - 5*r - 15, -4*r = 3*m + 186. Let w = -54 - m. Calculate the highest common factor of w and 20.
4
Suppose 1306 - 2865 = -144*k + 3481. Suppose c - 3*h - 9 - 20 = 0, 37 = 3*c + h. What is the greatest common divisor of k and c?
7
Let a = -22 + 16. Let t be (-1)/(3/(-75)) + (-7 - a). What is the greatest common factor of t and 16?
8
Let h be (4/(-12))/((-7)/231). What is the greatest common divisor of 891 and h?
11
Suppose -q = -4, 2*b - 7 = 5*b - 4*q. Suppose -b*i + 488 = i. Suppose 5*c - i = -2. Calculate the highest common divisor of c and 12.
12
Suppose 2*k = -5*s + 236, 0*s = 4*s + k - 190. Let c = -145 + 225. Suppose 6*f - c = f. Calculate the highest common divisor of f and s.
16
Suppose -3*h - h = u - 64, 4*u = -h + 1. Suppose -12 = -6*d + 3*d. Suppose 0 = x + d*x - 935. What is the greatest common factor of h and x?
17
Suppose -n + 3*n = 2, 4*n = -4*z + 120. Let c = -20 + z. What is the greatest common divisor of 81 and c?
9
Let l = -32 - -62. Let h(k) = 3*k**2 + 42*k - 3. Let z be h(-11). Let f be 5 + 104/(-20) - z/10. What is the highest common divisor of l and f?
10
Let a = 631 - 571. What is the greatest common divisor of a and 100?
20
Let b be ((-286)/(-13))/(-4 - (-1476)/368). Calculate the highest common factor of 22 and b.
22
Suppose 3201 = 4*g + 29*g. What is the highest common factor of g and 485?
97
Suppose 18*c = 20*c - 1170. What is the greatest common divisor of 117 and c?
117
Let a(o) = 22*o + 292. Let t be a(-12). Calculate the highest common factor of t and 406.
14
Let k = 7 + -19. Let c = 33 - 39. Let l = c - k. What is the greatest common factor of 15 and l?
3
Let j = -63 + 65. Suppose c = j*c + 3*w - 7, 3*c + 3*w - 45 = 0. Calculate the highest common factor of c and 95.
19
Suppose -4*o = 5*s - 91, -s = 3*o - 2*s - 54. Let z be ((-534)/4)/(6/(-16)). Suppose 6*w = -14 + z. Calculate the highest common divisor of o and w.
19
Let z(b) = -b**3 - 9*b**2 - 9*b + 7. Let m be z(-8). Let n be (-30)/((m/(-18))/(-5)). Let a = 301 + n. What is the greatest common factor of 11 and a?
11
Suppose 182*f - 174*f - 64 = 0. What is the greatest common divisor of 108 and f?
4
Suppose 5*d + 187 = 2*z - 28, 4*d = z - 112. Calculate the greatest common factor of z and 20.
20
Suppose l + 4*v - 8 = 0, -47 + 156 = 5*l - 3*v. Suppose 0 = 5*b - 384 - 116. Suppose -b - 100 = -5*u. Calculate the highest common factor of l and u.
20
Let r(v) = 2*v + 17. Let d be r(-6). Suppose -d*b + 16 = 6. Let h(u) = u - 1. Let i be h(2). What is the highest common divisor of b and i?
1
Let y = -7 + 11. Let l be (-16)/6 + 6/(-63)*-7. Let p be 32 - (3 + l + -1). Calculate the greatest common factor of p and y.
4
Let c = -3129 + 3183. What is the greatest common factor of 20 and c?
2
Let i(g) = 2*g**2 + 7*g + 6. Suppose -11*j - 93 = -27. Let q be i(j). Suppose 0 = 2*p - 7 - 1, -2*y + p = -44. What is the highest common factor of y and q?
12
Let x(u) = -5*u**2 - 12*u - 16. Let j be x(-6). Let k = j + 208. Let s = -69 + 97. Calculate the greatest common factor of s and k.
28
Let h(w) = w**3 - 9*w**2 - 3. Let d be h(9). Let m be 8/(-12) - 80/d. What is the greatest common factor of m and 39?
13
Let n(r) = -r**3 + 13*r**2 + 69*r + 34. Let o be n(17). Calculate the greatest common factor of o and 2040.
51
Suppose 2*f - 243 - 631 = 0. What is the greatest common divisor of f and 46?
23
Suppose 9*o = -35*o + 33264. Calculate the greatest common divisor of o and 336.
84
Let c(d) = -d**3 - 8*d**2 - 11*d - 7. Let n be (-3)/9*(-21)/(-1). Let a be c(n). Calculate the greatest common factor of 7 and a.
7
Let o be ((-310)/4 - 3)*96/(-28). What is the greatest common factor of 69 and o?
69
Suppose 4*j + 0*j - 4 = 0. Let d be 4 - 4 - -102*j. Calculate the highest common divisor of 34 and d.
34
Suppose 9*i - 14 = 11*i. Let c = i + 13. Suppose -5*z - 3*x + 237 = 0, -4*x - 2 = 5*z - 238. Calculate the greatest common factor of c and z.
6
Suppose 29 = -k + 51. Calculate the greatest common divisor of 418 and k.
22
Let m be ((-14)/8)/((-9)/108). What is the greatest common divisor of 2 and m?
1
Let o = 194 - 154. What is the greatest common divisor of 30 and o?
10
Let q(y) be the second derivative of -5*y**3/6 - 21*y**2/2 + 30*y. Let u be q(-6). Calculate the greatest common factor of u and 99.
9
Suppose m = -2 - 13. Let g be (-3*(-10)/6)/((-3)/m). What is the highest common divisor of g and 25?
25
Let z = 1495 + -879. Calculate the greatest common factor of 385 and z.
77
Suppose 0 = 29*j + 5*j - 374. Calculate the greatest common divisor of 187 and j.
11
Let f be ((-70)/25)/(2/(-10)). Suppose 0 = 7*y - 6*y - f. Let d = 6 + 36. Calculate the greatest common divisor of d and y.
14
Suppose -93*n + 90*n = 447. Let i = -39 - n. Calculate the greatest common factor of i and 10.
10
Let y(b) = 2*b**2 + 7*b - 5. Let o be y(4). Suppose 0 + 5 = -5*z, 0 = a - z + 29. Let w = a - -52. Calculate the highest common divisor of w and o.
11
Suppose -3*s = 2*i - 441, i + i - 446 = 2*s. Calculate the greatest common factor of i and 777.
111
Let a be (-8)/(-20) + 1306/10. Let p be 1 + (0 - a)*-1. Suppose -f - 3*f = -p. What is the highest common factor of f and 11?
11
Let h be (113 - 1)/(-66 + 68). Calculate the highest common divisor of h and 16.
8
Let x = -211 + 221. Calculate the greatest common divisor of x and 1130.
10
Suppose 24*k - 960 = -0*k. Calculate the highest common factor of k and 15.
5
Let r(u) = -u**3 + 13*u**2 + 15*u - 13. Let t be r(14). Let j = 22 - t. Calculate the highest common divisor of j and 63.
21
Let w be 437/3 - (60/36 - 2). Calculate the highest common factor of w and 365.
73
Let b be (-234)/78 - -69*1. What is the greatest common divisor of b and 18?
6
Let u(y) = 37*y**3 - y**2 + 2*y - 2. Let m be u(1). Suppose -10*g = -13*g + m. What is the highest common divisor of g and 96?
12
Suppose 18 = -3*o - 5*u, -2*o + u = -3*o - 4. Let q be (-42)/63 + (o - (-320)/3). Suppose h = -2*h + 45. Calculate the greatest common factor of q and h.
15
Suppose n = 3*m - 4, 9 = 5*n + 5*m - 51. Calculate the greatest common divisor of n and 24.
8
Let b be (-5960)/(-64) - 3/24. Let m(l) = l**3 + 8*l**2 - 13*l - 5. Let j be m(-9). What is the highest common divisor of j and b?
31
Suppose -684 = 388*q - 407*q. What is the greatest common factor of 144 and q?
36
Let d be (6/(-4))/(14/(-56)). Suppose 8*a = d*a + 24. Let x(n) = -2*n + 8. Let p be x(-8). What is the highest common factor of p 